{"id":24,"date":"2023-07-21T01:32:50","date_gmt":"2023-07-21T01:32:50","guid":{"rendered":"https:\/\/7oroofthemes.com\/trashco\/?page_id=24"},"modified":"2026-03-11T00:23:46","modified_gmt":"2026-03-11T00:23:46","slug":"drop-off-locations","status":"publish","type":"page","link":"https:\/\/ahent.no\/?page_id=24","title":{"rendered":"Drop Off Locations"},"content":{"rendered":"\t\t<div data-elementor-type=\"wp-page\" data-elementor-id=\"24\" class=\"elementor elementor-24\" data-elementor-post-type=\"page\">\n\t\t\t\t\t\t<section class=\"elementor-section elementor-top-section elementor-element elementor-element-73214f0 elementor-section-full_width elementor-section-height-default elementor-section-height-default cms-full-content-with-space-none cms-section-banner-no elementor-invisible\" data-id=\"73214f0\" data-element_type=\"section\" data-e-type=\"section\" data-settings=\"{&quot;animation&quot;:&quot;fadeInUp&quot;}\">\r\n\t\t\t<div class=\"cms-section-banner cms-section-banner-no cms-gradient- cms-section-banner-style- relative\"><div class=\"cms-gradient-render\"><\/div><\/div>\t\t\t<div class=\"elementor-container elementor-column-gap-no \" >\r\n\t\t\t        <div class=\"elementor-column elementor-col-100 elementor-top-column elementor-element elementor-element-30bfcec\" data-id=\"30bfcec\" data-element_type=\"column\" data-e-type=\"column\">\r\n            <div class=\"elementor-widget-wrap elementor-element-populated\">\r\n                \t\t<div class=\"elementor-element elementor-element-05427e8 elementor-widget elementor-widget-cms_google_map\" data-id=\"05427e8\" data-element_type=\"widget\" data-e-type=\"widget\" data-widget_type=\"cms_google_map.default\">\n\t\t\t\t<div class=\"elementor-widget-container\">\n\t\t\t\t\t<div class=\"cms-egmap cms-egmap-1 relative\">\n\t<iframe loading=\"lazy\"\n\t\tsrc=\"https:\/\/maps.google.com\/maps?q=Hartvig%20Halvorsens%20vei%206&#038;t=m&#038;z=15&#038;output=embed&#038;iwloc=near\"\n\t\ttitle=\"Hartvig Halvorsens vei 6\"\n\t\taria-label=\"Hartvig Halvorsens vei 6\"\n\t><\/iframe>\n<\/div>\t\t\t\t<\/div>\n\t\t\t\t<\/div>\n\t\t            <\/div>\r\n        <\/div>\r\n        \t\t\t<\/div>\r\n\t\t<\/section>\r\n\t\t\t\t<section class=\"elementor-section elementor-top-section elementor-element elementor-element-da63a8c bg-primary-darken pt-105 pb-110 p-tb-tablet-40 elementor-section-boxed elementor-section-height-default elementor-section-height-default cms-section-banner-no\" data-id=\"da63a8c\" data-element_type=\"section\" data-e-type=\"section\" data-settings=\"{&quot;background_background&quot;:&quot;classic&quot;}\">\r\n\t\t\t<div class=\"cms-section-banner cms-section-banner-no cms-gradient- cms-section-banner-style- relative\"><div class=\"cms-gradient-render\"><\/div><\/div>\t\t\t<div class=\"elementor-container elementor-column-gap-default \" >\r\n\t\t\t        <div class=\"elementor-column elementor-col-100 elementor-top-column elementor-element elementor-element-bf8a78d elementor-invisible\" data-id=\"bf8a78d\" data-element_type=\"column\" data-e-type=\"column\" data-settings=\"{&quot;animation&quot;:&quot;fadeInLeft&quot;}\">\r\n            <div class=\"elementor-widget-wrap elementor-element-populated\">\r\n                \t\t<div class=\"elementor-element elementor-element-168e22e pb-55 elementor-widget__width-initial elementor-widget elementor-widget-cms_heading\" data-id=\"168e22e\" data-element_type=\"widget\" data-e-type=\"widget\" data-widget_type=\"cms_heading.default\">\n\t\t\t\t<div class=\"elementor-widget-container\">\n\t\t\t\t\t<div class=\"cms-eheading cms-eheading-1 text-start\">\n\t<div class=\"cms-smallheading empty-none font-700 text-16 pb-20 mt-n7 text-accent\">Se hvordan det fungerer med enkle trinn for en ren og sunn bedrift<\/div>\n\t<h2 class=\"cms-heading empty-none text-white mt-n10\">Vi vil samarbeide med deg for \u00e5 behandle s\u00f8ppelet ditt p\u00e5 best mulig m\u00e5te for milj\u00f8et og din \u00f8konomi<\/h2>\n<\/div>\t\t\t\t<\/div>\n\t\t\t\t<\/div>\n\t\t\t\t<div class=\"elementor-element elementor-element-6d5d058 elementor-widget elementor-widget-cms_tabs\" data-id=\"6d5d058\" data-element_type=\"widget\" data-e-type=\"widget\" data-widget_type=\"cms_tabs.default\">\n\t\t\t\t<div class=\"elementor-widget-container\">\n\t\t\t\t\t<div class=\"cms-tabs cms-tabs-3 d-flex gutter gutter-grid\">\n\t<div class=\"cms-tabs-content-wrap col-7 col-mobile-extra-12 cms-hidden-mobile-extra\">\n\t\t<div class=\"cms-tabs-content-inner pr-30 pr-laptop-0 cms-sticky\">\n\t\t\t\t\t\t\t<div id=\"cms2-0e36199\" class=\"cms-tabs-content active\" style=\"display:block;\">\n\t\t\t\t\t<div class=\"cms-tab-content relative relative pr-40 d-inline-block hover-icon-bounce\"><img loading=\"lazy\" width=\"660\" height=\"440\" data-src=\"https:\/\/ahent.no\/wp-content\/uploads\/elementor\/thumbs\/banner-4-rj2pwu9xcb08jp1v21g1m4w8t3gdgwqhy58n2e1vzk.webp\" title=\"banner-4\" alt=\"banner-4\" class=\"cms-lazy lazy-loading cms-radius-16\" loading=\"lazy\" \/>\t\t\t\t\t<div class=\"cms-tabs-banner-content absolute bottom-right d-flex gap-30 align-items-center text-18 text-white bg-accent cms-radius-trb-10 cms-heading font-500 p-40 p-lr-smobile-20\">\n\t\t\t\t\t\t<i class=\"cms-icon flex-auto text-64   trashcoicon- trashco-icon-garbage-12\"><\/i>\t\t\t\t\t\t<span class=\"flex-basic mt-n8 mb-n8 flex-smobile-100\">Vi behandler flere hundre tonn resirkulerbart avfall \u00e5rlig!!<\/span>\n\t\t\t\t\t<\/div>\n\t\t\t\t<\/div>\t\t\t\t<\/div>\n\t\t\t\t\t\t\t<div id=\"cms2-f09eafc\" class=\"cms-tabs-content\" style=\"display:none;\">\n\t\t\t\t\t<div class=\"cms-tab-content relative relative pr-40 d-inline-block hover-icon-bounce\"><img loading=\"lazy\" width=\"660\" height=\"440\" data-src=\"https:\/\/ahent.no\/wp-content\/uploads\/elementor\/thumbs\/banner-7-small-rj2pwu9xcb08jp1v21g1m4w8t3gdgwqhy58n2e1vzk.webp\" title=\"banner-7-small\" alt=\"banner-7-small\" class=\"cms-lazy lazy-loading cms-radius-16\" loading=\"lazy\" \/>\t\t\t\t\t<div class=\"cms-tabs-banner-content absolute bottom-right d-flex gap-30 align-items-center text-18 text-white bg-accent cms-radius-trb-10 cms-heading font-500 p-40 p-lr-smobile-20\">\n\t\t\t\t\t\t<i class=\"cms-icon flex-auto text-64   trashcoicon- trashco-icon-delete\"><\/i>\t\t\t\t\t\t<span class=\"flex-basic mt-n8 mb-n8 flex-smobile-100\">Velg din plan <\/span>\n\t\t\t\t\t<\/div>\n\t\t\t\t<\/div>\t\t\t\t<\/div>\n\t\t\t\t\t\t\t<div id=\"cms2-2d687d0\" class=\"cms-tabs-content\" style=\"display:none;\">\n\t\t\t\t\t<div class=\"cms-tab-content relative relative pr-40 d-inline-block hover-icon-bounce\"><img loading=\"lazy\" width=\"660\" height=\"440\" data-src=\"https:\/\/ahent.no\/wp-content\/uploads\/elementor\/thumbs\/bg-4-rj2pwu9xcb08jp1v21g1m4w8t3gdgwqhy58n2e1vzk.webp\" title=\"bg-4\" alt=\"bg-4\" class=\"cms-lazy lazy-loading cms-radius-16\" loading=\"lazy\" \/>\t\t\t\t\t<div class=\"cms-tabs-banner-content absolute bottom-right d-flex gap-30 align-items-center text-18 text-white bg-accent cms-radius-trb-10 cms-heading font-500 p-40 p-lr-smobile-20\">\n\t\t\t\t\t\t<i class=\"cms-icon flex-auto text-64   trashcoicon- trashco-icon-recycle-bin-7\"><\/i>\t\t\t\t\t\t<span class=\"flex-basic mt-n8 mb-n8 flex-smobile-100\">Online timeplanlegging<\/span>\n\t\t\t\t\t<\/div>\n\t\t\t\t<\/div>\t\t\t\t<\/div>\n\t\t\t\t\t\t\t<div id=\"cms2-5c840eb\" class=\"cms-tabs-content\" style=\"display:none;\">\n\t\t\t\t\t<div class=\"cms-tab-content relative relative pr-40 d-inline-block hover-icon-bounce\"><img loading=\"lazy\" width=\"660\" height=\"440\" data-src=\"https:\/\/ahent.no\/wp-content\/uploads\/elementor\/thumbs\/banner-11-rj2pwu9xcb08jp1v21g1m4w8t3gdgwqhy58n2e1vzk.webp\" title=\"banner-11\" alt=\"banner-11\" class=\"cms-lazy lazy-loading cms-radius-16\" loading=\"lazy\" \/>\t\t\t\t\t<div class=\"cms-tabs-banner-content absolute bottom-right d-flex gap-30 align-items-center text-18 text-white bg-accent cms-radius-trb-10 cms-heading font-500 p-40 p-lr-smobile-20\">\n\t\t\t\t\t\t<i class=\"cms-icon flex-auto text-64   trashcoicon- trashco-icon-reusable\"><\/i>\t\t\t\t\t\t<span class=\"flex-basic mt-n8 mb-n8 flex-smobile-100\">Vi henter, leverer og deklarerer for deg<\/span>\n\t\t\t\t\t<\/div>\n\t\t\t\t<\/div>\t\t\t\t<\/div>\n\t\t\t\t\t\t\t\t\t\t<div class=\"cms-heading-rate d-flex gap pt-35\" style=\"--cms-gap:40px;--cms-gap-tablet:40px;--cms-gap-mobile:10px;\">\n\t\t\t\t\t<div class=\"flex-auto flex-smobile-full\">\n\t\t\t\t\t\t<div class=\"cms-star-rate relative text-secondary\">\n\t\t\t\t\t\t    <div class=\"cms-star-rated absolute text-accent\" data-width=\"100\" style=\"width:100%;\"><\/div>\n\t\t\t\t\t\t<\/div>\n\t\t\t\t\t<\/div>\n\t\t\t\t\t<div class=\"flex-basic text-15 cms-text text-white\">\n\t\t\t\t\t\t<span class=\"text-underline font-700 text-accent\">99.9% Kundetilfredshet<\/span>\n\t\t\t\t\t\ter det minste vi arbeider for\t\t\t\t\t<\/div>\n\t\t\t\t<\/div>\n\t\t\t\t\t<\/div>\n\t<\/div>\n\t<div class=\"cms-tab-content col-5 col-mobile-extra-12\">\n\t\t<div class=\"cms-tabs-title\">\n\t\t\t\t\t\t<div class=\"cms-tab-title cms-tab-title-item d-flex gap-50 gap-tablet-extra-30 align-items-center active\" data-target-2=\"#cms2-0e36199\">\n                <div class=\"flex-basic\">\n\t\t\t\t\t<div class=\"cms-heading text-21 font-500 text-white\">\n\t\t\t\t\t\tGi oss detaljene om ditt prosjekt\t\t\t\t\t<\/div>\n\t\t\t\t\t<div id=\"cms-0e36199\" class=\"cms-tabs--content cms-desc text-15 pt-15 empty-none active text-light-grey2 text-line-3\">Vi erkjenner at det viktigste valget er \u00e5 velge riktig tjeneste for deg. Vi i Ahent kan tilby avfallsinnsamlingen du trenger for \u00e5 lykkes.  P\u00e5litelige og trygge tjeneste.\t\t\t\t\t<\/div>\n\t\t\t\t<\/div>\n\t\t\t\t<div class=\"cms-tabs-count flex-auto heading text-54 font-300 active text-secondary\">01<\/div>\n\t\t\t\t<div class=\"cms-hidden-min-mobile-extra w-100\">\n\t\t\t\t\t\t\t\t\t\t<div data-background-image=\"background-image:url(https:\/\/ahent.no\/wp-content\/uploads\/banner-4.webp);\" class=\"cms-lazy lazy-loading cms-radius-16 hover-icon-bounce pt-100 pl-40 mr-40 d-flex justify-content-end\">\t\t\t\t\t\t<div class=\"cms-tabs-banner-content d-flex gap-30 align-items-center text-18 text-white bg-accent cms-radius-trb-10 cms-heading font-500 p-40 p-lr-smobile-20 mr-n40\">\n\t\t\t\t\t\t\t<i class=\"cms-icon flex-auto text-64   trashcoicon- trashco-icon-garbage-12\"><\/i>\t\t\t\t\t\t\t<span class=\"flex-basic mt-n8 mb-n8 flex-smobile-100\">Vi behandler flere hundre tonn resirkulerbart avfall \u00e5rlig!!<\/span>\n\t\t\t\t\t\t<\/div>\n\t\t\t\t\t<\/div>\t\t\t\t<\/div>\n\t\t\t<\/div>\n\t\t\t\t\t\t<div class=\"cms-tab-title cms-tab-title-item d-flex gap-50 gap-tablet-extra-30 align-items-center\" data-target-2=\"#cms2-f09eafc\">\n                <div class=\"flex-basic\">\n\t\t\t\t\t<div class=\"cms-heading text-21 font-500 text-white\">\n\t\t\t\t\t\tVelg din plan \t\t\t\t\t<\/div>\n\t\t\t\t\t<div id=\"cms-f09eafc\" class=\"cms-tabs--content cms-desc text-15 pt-15 empty-none text-light-grey2 text-line-3\">Vi er p\u00e5litelige ettersom v\u00e5re team er tilgjengelige d\u00f8gnet rundt. Vi er aldri langt unna deg og bedriften din og vi er glade for \u00e5 hjelpe\t\t\t\t\t<\/div>\n\t\t\t\t<\/div>\n\t\t\t\t<div class=\"cms-tabs-count flex-auto heading text-54 font-300 text-secondary\">02<\/div>\n\t\t\t\t<div class=\"cms-hidden-min-mobile-extra w-100\">\n\t\t\t\t\t\t\t\t\t\t<div data-background-image=\"background-image:url(https:\/\/ahent.no\/wp-content\/uploads\/banner-7-small.webp);\" class=\"cms-lazy lazy-loading cms-radius-16 hover-icon-bounce pt-100 pl-40 mr-40 d-flex justify-content-end\">\t\t\t\t\t\t<div class=\"cms-tabs-banner-content d-flex gap-30 align-items-center text-18 text-white bg-accent cms-radius-trb-10 cms-heading font-500 p-40 p-lr-smobile-20 mr-n40\">\n\t\t\t\t\t\t\t<i class=\"cms-icon flex-auto text-64   trashcoicon- trashco-icon-delete\"><\/i>\t\t\t\t\t\t\t<span class=\"flex-basic mt-n8 mb-n8 flex-smobile-100\">Velg din plan <\/span>\n\t\t\t\t\t\t<\/div>\n\t\t\t\t\t<\/div>\t\t\t\t<\/div>\n\t\t\t<\/div>\n\t\t\t\t\t\t<div class=\"cms-tab-title cms-tab-title-item d-flex gap-50 gap-tablet-extra-30 align-items-center\" data-target-2=\"#cms2-2d687d0\">\n                <div class=\"flex-basic\">\n\t\t\t\t\t<div class=\"cms-heading text-21 font-500 text-white\">\n\t\t\t\t\t\tOnline timeplanlegging \t\t\t\t\t<\/div>\n\t\t\t\t\t<div id=\"cms-2d687d0\" class=\"cms-tabs--content cms-desc text-15 pt-15 empty-none text-light-grey2 text-line-3\">Du som kunder kan velge og planlegge selv n\u00e5r avfallet skal hentes. Om det er en gangs henting, en gang i m\u00e5neden eller flere ganger per dag \t\t\t\t\t<\/div>\n\t\t\t\t<\/div>\n\t\t\t\t<div class=\"cms-tabs-count flex-auto heading text-54 font-300 text-secondary\">03<\/div>\n\t\t\t\t<div class=\"cms-hidden-min-mobile-extra w-100\">\n\t\t\t\t\t\t\t\t\t\t<div data-background-image=\"background-image:url(https:\/\/ahent.no\/wp-content\/uploads\/bg-4.webp);\" class=\"cms-lazy lazy-loading cms-radius-16 hover-icon-bounce pt-100 pl-40 mr-40 d-flex justify-content-end\">\t\t\t\t\t\t<div class=\"cms-tabs-banner-content d-flex gap-30 align-items-center text-18 text-white bg-accent cms-radius-trb-10 cms-heading font-500 p-40 p-lr-smobile-20 mr-n40\">\n\t\t\t\t\t\t\t<i class=\"cms-icon flex-auto text-64   trashcoicon- trashco-icon-recycle-bin-7\"><\/i>\t\t\t\t\t\t\t<span class=\"flex-basic mt-n8 mb-n8 flex-smobile-100\">Online timeplanlegging<\/span>\n\t\t\t\t\t\t<\/div>\n\t\t\t\t\t<\/div>\t\t\t\t<\/div>\n\t\t\t<\/div>\n\t\t\t\t\t\t<div class=\"cms-tab-title cms-tab-title-item d-flex gap-50 gap-tablet-extra-30 align-items-center\" data-target-2=\"#cms2-5c840eb\">\n                <div class=\"flex-basic\">\n\t\t\t\t\t<div class=\"cms-heading text-21 font-500 text-white\">\n\t\t\t\t\t\tVi henter, leverer og deklarerer for deg\t\t\t\t\t<\/div>\n\t\t\t\t\t<div id=\"cms-5c840eb\" class=\"cms-tabs--content cms-desc text-15 pt-15 empty-none text-light-grey2 text-line-3\">Hos oss kan du lene deg tilbake, mens vi tar oss av full deklareringen av avfallet. Vi skriver ut rapporter etter hver endt prosjekt og du f\u00e5r enkelt digitalt tilgang til dokumentene\t\t\t\t\t<\/div>\n\t\t\t\t<\/div>\n\t\t\t\t<div class=\"cms-tabs-count flex-auto heading text-54 font-300 text-secondary\">04<\/div>\n\t\t\t\t<div class=\"cms-hidden-min-mobile-extra w-100\">\n\t\t\t\t\t\t\t\t\t\t<div data-background-image=\"background-image:url(https:\/\/ahent.no\/wp-content\/uploads\/banner-11.webp);\" class=\"cms-lazy lazy-loading cms-radius-16 hover-icon-bounce pt-100 pl-40 mr-40 d-flex justify-content-end\">\t\t\t\t\t\t<div class=\"cms-tabs-banner-content d-flex gap-30 align-items-center text-18 text-white bg-accent cms-radius-trb-10 cms-heading font-500 p-40 p-lr-smobile-20 mr-n40\">\n\t\t\t\t\t\t\t<i class=\"cms-icon flex-auto text-64   trashcoicon- trashco-icon-reusable\"><\/i>\t\t\t\t\t\t\t<span class=\"flex-basic mt-n8 mb-n8 flex-smobile-100\">Vi henter, leverer og deklarerer for deg<\/span>\n\t\t\t\t\t\t<\/div>\n\t\t\t\t\t<\/div>\t\t\t\t<\/div>\n\t\t\t<\/div>\n\t\t\t\t\t<\/div>\n\t\t\t\t\t<div class=\"cms-heading-rate d-flex gap pt-35 cms-hidden-min-mobile-extra\" style=\"--cms-gap:40px;--cms-gap-tablet:40px;--cms-gap-mobile:10px;\">\n\t\t\t\t<div class=\"flex-auto flex-smobile-full\">\n\t\t\t\t\t<div class=\"cms-star-rate relative text-secondary\">\n\t\t\t\t\t    <div class=\"cms-star-rated absolute text-accent\" data-width=\"100\" style=\"width:100%;\"><\/div>\n\t\t\t\t\t<\/div>\n\t\t\t\t<\/div>\n\t\t\t\t<div class=\"flex-basic text-15 cms-text text-white\">\n\t\t\t\t\t<span class=\"text-underline font-700 text-accent\">99.9% Kundetilfredshet<\/span>\n\t\t\t\t\ter det minste vi arbeider for\t\t\t\t<\/div>\n\t\t\t<\/div>\n\t\t\t\t<a class=\"btn btn-lg btn-secondary-lighten btn-hover-secondary-regular mt-40\" href=\"#\">\n\t\t\tBestillingsskjema \t\t\t<i class=\"cms-bnt-icon cmsi-arrow-circle-right rtl-flip text-26\"><\/i>\n\t\t<\/a>\n\t<\/div>\n<\/div>\n\n\t\t\t\t<\/div>\n\t\t\t\t<\/div>\n\t\t            <\/div>\r\n        <\/div>\r\n        \t\t\t<\/div>\r\n\t\t<\/section>\r\n\t\t\t\t<section class=\"elementor-section elementor-top-section elementor-element elementor-element-fa5b92f pb-80 pb-tablet-40 elementor-section-boxed elementor-section-height-default elementor-section-height-default cms-section-banner-no\" data-id=\"fa5b92f\" data-element_type=\"section\" data-e-type=\"section\">\r\n\t\t\t<div class=\"cms-section-banner cms-section-banner-no cms-gradient- cms-section-banner-style- relative\"><div class=\"cms-gradient-render\"><\/div><\/div>\t\t\t<div class=\"elementor-container elementor-column-gap-default \" >\r\n\t\t\t        <div class=\"elementor-column elementor-col-100 elementor-top-column elementor-element elementor-element-145ac88\" data-id=\"145ac88\" data-element_type=\"column\" data-e-type=\"column\">\r\n            <div class=\"elementor-widget-wrap elementor-element-populated\">\r\n                \t\t<div class=\"elementor-element elementor-element-b2258eb mt-n7 elementor-invisible elementor-widget elementor-widget-cms_list\" data-id=\"b2258eb\" data-element_type=\"widget\" data-e-type=\"widget\" data-settings=\"{&quot;_animation&quot;:&quot;fadeInUp&quot;}\" data-widget_type=\"cms_list.default\">\n\t\t\t\t<div class=\"elementor-widget-container\">\n\t\t\t\t\t<h3 class=\"cms-heading font-700 empty-none text-heading pb-30 \">Vi har erfaring med \u00e5 h\u00e5ndtere alle typer avfall!<\/h3>\n<div class=\"cms-lists cms-lists-5 cms-lists-icon-check d-flex flex-col-3 flex-col-tablet-2 flex-col-smobile-1 bg-light-grey5 cms-radius-10 overflow-hidden\">\n            <div class=\"cms-list d-flex gap-20 font-700 text-primary text-16 cms-transition\">\n            <span class=\"flex-auto\"><span class=\"cms-icon cmsi-check text-secondary cms-transition circle text-10\"><\/span><\/span>\n            <span class=\"flex-basic\">Avfallskomprimatorer for bedrifter<\/span>\n        <\/div>\n            <div class=\"cms-list d-flex gap-20 font-700 text-primary text-16 cms-transition\">\n            <span class=\"flex-auto\"><span class=\"cms-icon cmsi-check text-secondary cms-transition circle text-10\"><\/span><\/span>\n            <span class=\"flex-basic\">Kommersielt farlig avfall<\/span>\n        <\/div>\n            <div class=\"cms-list d-flex gap-20 font-700 text-primary text-16 cms-transition\">\n            <span class=\"flex-auto\"><span class=\"cms-icon cmsi-check text-secondary cms-transition circle text-10\"><\/span><\/span>\n            <span class=\"flex-basic\">Spesialiserte avfallsstr\u00f8mmer<\/span>\n        <\/div>\n            <div class=\"cms-list d-flex gap-20 font-700 text-primary text-16 cms-transition\">\n            <span class=\"flex-auto\"><span class=\"cms-icon cmsi-check text-secondary cms-transition circle text-10\"><\/span><\/span>\n            <span class=\"flex-basic\">Sug og spylebiler<\/span>\n        <\/div>\n            <div class=\"cms-list d-flex gap-20 font-700 text-primary text-16 cms-transition\">\n            <span class=\"flex-auto\"><span class=\"cms-icon cmsi-check text-secondary cms-transition circle text-10\"><\/span><\/span>\n            <span class=\"flex-basic\">Avfall fra bygg og anlegg<\/span>\n        <\/div>\n            <div class=\"cms-list d-flex gap-20 font-700 text-primary text-16 cms-transition\">\n            <span class=\"flex-auto\"><span class=\"cms-icon cmsi-check text-secondary cms-transition circle text-10\"><\/span><\/span>\n            <span class=\"flex-basic\">Avfall fra boretslag, sameie, d\u00f8dsbo <\/span>\n        <\/div>\n    <\/div>\n<div class=\"cms-list-buttons d-flex gap pt-30 empty-none\" style=\"--cms-gap:30px;\"><\/div>\t\t\t\t<\/div>\n\t\t\t\t<\/div>\n\t\t\t\t<div class=\"elementor-element elementor-element-5503ade text-center elementor-widget__width-initial mt-n7 elementor-invisible elementor-widget elementor-widget-cms_cta\" data-id=\"5503ade\" data-element_type=\"widget\" data-e-type=\"widget\" data-settings=\"{&quot;_animation&quot;:&quot;fadeInUp&quot;}\" data-widget_type=\"cms_cta.default\">\n\t\t\t\t<div class=\"elementor-widget-container\">\n\t\t\t\t\t<div class=\"cms-cta cms-cta-1 text-15 font-700\">\n\t<span class=\"cms-desc text-body\">Vi har allerede gjort viktige fremskritt i tjenestene v\u00e5re og p\u00e5 b\u00e6rekraftsreisen v\u00e5r <\/span>\n\t<a class=\"cms-link cms-link-1 text-secondary text-hover-accent bdr-primary-lighten\" href=\"#\">\n\t\tBli med oss<i class=\"cmsi-arrow-right rtl-flip text-10\"><\/i>\n\t<\/a>\n<\/div>\t\t\t\t<\/div>\n\t\t\t\t<\/div>\n\t\t            <\/div>\r\n        <\/div>\r\n        \t\t\t<\/div>\r\n\t\t<\/section>\r\n\t\t\t\t<\/div>\n\t\t","protected":false},"excerpt":{"rendered":"<p>Se hvordan det fungerer med enkle trinn for en ren og sunn bedrift Vi vil samarbeide med deg for \u00e5 behandle s\u00f8ppelet ditt p\u00e5 best mulig m\u00e5te for milj\u00f8et og din \u00f8konomi Vi behandler flere hundre tonn resirkulerbart avfall \u00e5rlig!! Velg din plan Online timeplanlegging Vi henter, leverer og deklarerer for deg 99.9% Kundetilfredshet er [&hellip;]<\/p>\n","protected":false},"author":1,"featured_media":0,"parent":0,"menu_order":8,"comment_status":"closed","ping_status":"closed","template":"","meta":{"_monsterinsights_skip_tracking":false,"_monsterinsights_sitenote_active":false,"_monsterinsights_sitenote_note":"","_monsterinsights_sitenote_category":0,"footnotes":""},"class_list":["post-24","page","type-page","status-publish","hentry"],"_links":{"self":[{"href":"https:\/\/ahent.no\/index.php?rest_route=\/wp\/v2\/pages\/24","targetHints":{"allow":["GET"]}}],"collection":[{"href":"https:\/\/ahent.no\/index.php?rest_route=\/wp\/v2\/pages"}],"about":[{"href":"https:\/\/ahent.no\/index.php?rest_route=\/wp\/v2\/types\/page"}],"author":[{"embeddable":true,"href":"https:\/\/ahent.no\/index.php?rest_route=\/wp\/v2\/users\/1"}],"replies":[{"embeddable":true,"href":"https:\/\/ahent.no\/index.php?rest_route=%2Fwp%2Fv2%2Fcomments&post=24"}],"version-history":[{"count":15,"href":"https:\/\/ahent.no\/index.php?rest_route=\/wp\/v2\/pages\/24\/revisions"}],"predecessor-version":[{"id":1129,"href":"https:\/\/ahent.no\/index.php?rest_route=\/wp\/v2\/pages\/24\/revisions\/1129"}],"wp:attachment":[{"href":"https:\/\/ahent.no\/index.php?rest_route=%2Fwp%2Fv2%2Fmedia&parent=24"}],"curies":[{"name":"wp","href":"https:\/\/api.w.org\/{rel}","templated":true}]}}